{"id":3637,"date":"2018-03-15T01:41:24","date_gmt":"2018-03-15T04:41:24","guid":{"rendered":"http:\/\/tdibrasil.org\/?page_id=3637"},"modified":"2021-10-10T03:55:40","modified_gmt":"2021-10-10T06:55:40","slug":"principais","status":"publish","type":"page","link":"https:\/\/tdibrasil.org\/index.php\/principais\/","title":{"rendered":"Principais Sites"},"content":{"rendered":"<p>Publica\u00e7\u00f5es, institui\u00e7\u00f5es e conte\u00fado sobre o Design Inteligente.<\/p>\n<hr \/>\n<p><center><strong>Discovery Institute<\/strong><\/center><div class=\"su-row\">\n<div class=\"su-column su-column-size-1-5\"><div class=\"su-column-inner su-u-clearfix su-u-trim\"> <img loading=\"lazy\" decoding=\"async\" class=\"aligncenter size-full wp-image-6095\" src=\"https:\/\/tdibrasil.org\/wp-content\/uploads\/2019\/03\/disite.jpg\" alt=\"\" width=\"168\" height=\"151\" \/> <\/div><\/div>\n<div class=\"su-column su-column-size-4-5\"><div class=\"su-column-inner su-u-clearfix su-u-trim\"> O Discovery Institute \u00e9 a institui\u00e7\u00e3o fundada em 1991 com &#8220;a miss\u00e3o de promover uma cultura de prop\u00f3sito, criatividade e inova\u00e7\u00e3o&#8221;. Foi a primeira institui\u00e7\u00e3o a apoiar o Design Inteligente, que nasceu em 1993, e desde ent\u00e3o tem sido o principal suporte para os te\u00f3ricos e entusiastas do movimento. <a href=\"https:\/\/www.discovery.org\/\" target=\"_blank\" rel=\"noopener noreferrer\">(acessar)<\/a> <\/div><\/div>\n<\/div>\n<hr \/>\n<p><center><strong>BIO-Complexity<\/strong><\/center><div class=\"su-row\">\n<div class=\"su-column su-column-size-1-5\"><div class=\"su-column-inner su-u-clearfix su-u-trim\"> <img loading=\"lazy\" decoding=\"async\" class=\"aligncenter size-full wp-image-6092\" src=\"https:\/\/tdibrasil.org\/wp-content\/uploads\/2019\/03\/home.jpg\" alt=\"\" width=\"168\" height=\"152\" \/> <\/div><\/div>\n<div class=\"su-column su-column-size-4-5\"><div class=\"su-column-inner su-u-clearfix su-u-trim\"> A <a href=\"https:\/\/bio-complexity.org\/\" target=\"_blank\" rel=\"noopener noreferrer\">BIO-Complexity<\/a> \u00e9 uma revista cient\u00edfica revisada por pares com um objetivo \u00fanico. Destina-se a ser o principal f\u00f3rum para testar o m\u00e9rito cient\u00edfico da alega\u00e7\u00e3o de que o design inteligente (DI) \u00e9 uma explica\u00e7\u00e3o cred\u00edvel para a vida. Porque quest\u00f5es sobre o papel e a origem da informa\u00e7\u00e3o em sistemas vivos est\u00e3o no centro da controv\u00e9rsia cient\u00edfica sobre o Design Inteligente, esses t\u00f3picos \u2014vistos de todos os \u00e2ngulos e perspectivas \u2014 s\u00e3o fundamentais para o escopo da revista. <a href=\"https:\/\/bio-complexity.org\/\" target=\"_blank\" rel=\"noopener noreferrer\">(acessar)<\/a> <\/div><\/div>\n<\/div>\n<hr \/>\n<p><center><strong>Evolution News &amp; Science Today (EN)<\/strong><\/center><div class=\"su-row\">\n<div class=\"su-column su-column-size-1-5\"><div class=\"su-column-inner su-u-clearfix su-u-trim\"> <img loading=\"lazy\" decoding=\"async\" class=\"aligncenter size-full wp-image-6093\" src=\"https:\/\/tdibrasil.org\/wp-content\/uploads\/2019\/03\/env.jpg\" alt=\"\" width=\"168\" height=\"152\" \/> <\/div><\/div>\n<div class=\"su-column su-column-size-4-5\"><div class=\"su-column-inner su-u-clearfix su-u-trim\"> A Evolution News &amp; Science Today (EN) fornece relat\u00f3rios e an\u00e1lises em quest\u00f5es relacionadas \u00e0 ci\u00eancia e novidades sobre pesquisas cient\u00edficas. Abrange tamb\u00e9m o impacto da ci\u00eancia sobre a cultura e os conflitos em rela\u00e7\u00e3o \u00e0 liberdade de express\u00e3o e \u00e0 liberdade acad\u00eamica na ci\u00eancia. <a href=\"https:\/\/evolutionnews.org\" target=\"_blank\" rel=\"noopener noreferrer\">(acessar)<\/a> <\/div><\/div>\n<\/div>\n<hr \/>\n<p><center><strong>Biologic Institute<\/strong><\/center><div class=\"su-row\">\n<div class=\"su-column su-column-size-1-5\"><div class=\"su-column-inner su-u-clearfix su-u-trim\"> <img loading=\"lazy\" decoding=\"async\" class=\"aligncenter size-full wp-image-6091\" src=\"https:\/\/tdibrasil.org\/wp-content\/uploads\/2019\/03\/bioinstx.jpg\" alt=\"\" width=\"168\" height=\"152\" \/> <\/div><\/div>\n<div class=\"su-column su-column-size-4-5\"><div class=\"su-column-inner su-u-clearfix su-u-trim\"> O Instituto Biol\u00f3gico trabalha orientado pela infer\u00eancia ao design desde 2005. Entre suas abordagens est\u00e3o a origem e o papel da informa\u00e7\u00e3o na biologia, restri\u00e7\u00f5es funcionais e restri\u00e7\u00f5es de design, marcas e padr\u00f5es de design, entre outras. <a href=\"https:\/\/www.biologicinstitute.org\/research\" target=\"_blank\" rel=\"noopener noreferrer\">(acessar)<\/a><br \/>\n<\/div><\/div>\n<\/div>\n<hr \/>\n<p><center><strong>IDEA Center<\/strong><\/center><div class=\"su-row\">\n<div class=\"su-column su-column-size-1-5\"><div class=\"su-column-inner su-u-clearfix su-u-trim\"> <img loading=\"lazy\" decoding=\"async\" class=\"aligncenter size-full wp-image-6096\" src=\"https:\/\/tdibrasil.org\/wp-content\/uploads\/2019\/03\/idea.jpg\" alt=\"\" width=\"168\" height=\"152\" \/> <\/div><\/div>\n<div class=\"su-column su-column-size-4-5\"><div class=\"su-column-inner su-u-clearfix su-u-trim\"> O Centro de Design Inteligente e Consci\u00eancia sobre Evolu\u00e7\u00e3o (IDEA) \u00e9 uma organiza\u00e7\u00e3o sem fins lucrativos dedicada a promover a Teoria do Design Inteligente, promover uma discuss\u00e3o bem humorada e uma melhor compreens\u00e3o sobre a Teoria do Design Inteligente e a quest\u00e3o da cria\u00e7\u00e3o e evolu\u00e7\u00e3o entre estudantes, educadores, igrejas e outras pessoas interessadas. <a href=\"http:\/\/www.ideacenter.org\" target=\"_blank\" rel=\"noopener noreferrer\">(acessar)<\/a> <\/div><\/div>\n<\/div>\n<hr \/>\n<p><center><strong>Uncommon Descent<\/strong><\/center><div class=\"su-row\">\n<div class=\"su-column su-column-size-1-5\"><div class=\"su-column-inner su-u-clearfix su-u-trim\"> <img loading=\"lazy\" decoding=\"async\" class=\"aligncenter size-full wp-image-6094\" src=\"https:\/\/tdibrasil.org\/wp-content\/uploads\/2019\/03\/uncd.jpg\" alt=\"\" width=\"168\" height=\"152\" \/> <\/div><\/div>\n<div class=\"su-column su-column-size-4-5\"><div class=\"su-column-inner su-u-clearfix su-u-trim\"> O Uncommon Descent \u00e9 um site-blog criado por William Dembski em 2005 e desde dezembro do mesmo ano mantido por Denyse O&#8217;Leary. \u00c9 o segundo maior site mais acessado sobre o Design Inteligente depois do Evolution News. <a href=\"https:\/\/uncommondescent.com\" target=\"_blank\" rel=\"noopener noreferrer\">(acessar)<\/a> <\/div><\/div>\n<\/div>\n<hr \/>\n<p><center><strong>Evolution Info (Labs)<\/strong><\/center><div class=\"su-row\">\n<div class=\"su-column su-column-size-1-5\"><div class=\"su-column-inner su-u-clearfix su-u-trim\"> <img loading=\"lazy\" decoding=\"async\" class=\"aligncenter size-full wp-image-6359\" src=\"https:\/\/tdibrasil.org\/wp-content\/uploads\/2019\/03\/evoinfo.png\" alt=\"\" width=\"168\" height=\"152\" \/> <\/div><\/div>\n<div class=\"su-column su-column-size-4-5\"><div class=\"su-column-inner su-u-clearfix su-u-trim\"> Somos um grupo de profissionais STEM (ci\u00eancia \/ tecnologia \/ engenharia \/ matem\u00e1tica) que se concentram no papel da informa\u00e7\u00e3o na modelagem e an\u00e1lise de processos evolutivos e fen\u00f4menos relacionados. Nosso trabalho n\u00e3o se concentra em saber se a evolu\u00e7\u00e3o aconteceu, mas nos requisitos informacionais da evolu\u00e7\u00e3o. Os teoremas de Conserva\u00e7\u00e3o da Informa\u00e7\u00e3o mostram que os processos evolutivos, se acontecessem, iriam requerer uma fonte de informa\u00e7\u00e3o externa para ter sucesso.\u00a0<a href=\"https:\/\/www.evoinfo.org\/\" target=\"_blank\" rel=\"noopener noreferrer\">(acessar)<\/a> <\/div><\/div>\n<\/div>\n<hr \/>\n<p><center><strong>Programming of Life (Labs)<\/strong><\/center><div class=\"su-row\">\n<div class=\"su-column su-column-size-1-5\"><div class=\"su-column-inner su-u-clearfix su-u-trim\"> <img loading=\"lazy\" decoding=\"async\" class=\"aligncenter wp-image-7292 size-full\" src=\"https:\/\/tdibrasil.org\/wp-content\/uploads\/2020\/01\/pol.jpg\" alt=\"\" width=\"168\" height=\"152\" \/> <\/div><\/div>\n<div class=\"su-column su-column-size-4-5\"><div class=\"su-column-inner su-u-clearfix su-u-trim\"> Programming of Life examina a densa teoria da evolu\u00e7\u00e3o e faz perguntas extremamente dif\u00edceis, a fim de revelar o que o &#8220;processo natural n\u00e3o direcionado&#8221; realmente \u00e9 &#8211; um obst\u00e1culo \u00e0 ci\u00eancia. Esclarece tudo sobre design biol\u00f3gico e fornece os fatos para que voc\u00ea possa tomar suas pr\u00f3prias decis\u00f5es sobre o assunto.\u00a0<a href=\"https:\/\/programmingoflife.com\/\" target=\"_blank\" rel=\"noopener noreferrer\">(acessar)<\/a> <\/div><\/div>\n<\/div>\n<hr \/>\n","protected":false},"excerpt":{"rendered":"<div class=\"mh-excerpt\"><p>Estes s\u00e3o alguns sites relacionados ao Design Inteligente. Aqui temos desde publica\u00e7\u00f5es populares at\u00e9 os artigos revisados por pares e tamb\u00e9m algumas ferramentas para estudo.<\/p>\n<\/div>","protected":false},"author":1,"featured_media":4452,"parent":0,"menu_order":2,"comment_status":"closed","ping_status":"closed","template":"","meta":{"footnotes":""},"class_list":["post-3637","page","type-page","status-publish","has-post-thumbnail","hentry"],"yoast_head":"<!-- This site is optimized with the Yoast SEO plugin v18.9 - https:\/\/yoast.com\/wordpress\/plugins\/seo\/ -->\n<title>Principais Sites &raquo; Portal TDI Brasil +<\/title>\n<meta name=\"robots\" content=\"index, follow, max-snippet:-1, max-image-preview:large, max-video-preview:-1\" \/>\n<link rel=\"canonical\" href=\"https:\/\/tdibrasil.org\/index.php\/principais\/\" \/>\n<meta property=\"og:locale\" content=\"pt_BR\" \/>\n<meta property=\"og:type\" content=\"article\" \/>\n<meta property=\"og:title\" content=\"Principais Sites &raquo; Portal TDI Brasil +\" \/>\n<meta property=\"og:description\" content=\"Estes s\u00e3o alguns sites relacionados ao Design Inteligente. Aqui temos desde publica\u00e7\u00f5es populares at\u00e9 os artigos revisados por pares e tamb\u00e9m algumas ferramentas para estudo.\" \/>\n<meta property=\"og:url\" content=\"https:\/\/tdibrasil.org\/index.php\/principais\/\" \/>\n<meta property=\"og:site_name\" content=\"Portal TDI Brasil +\" \/>\n<meta property=\"article:publisher\" content=\"https:\/\/www.facebook.com\/TeoriadoDesignInteligente\/\" \/>\n<meta property=\"article:modified_time\" content=\"2021-10-10T06:55:40+00:00\" \/>\n<meta property=\"og:image\" content=\"https:\/\/tdibrasil.org\/wp-content\/uploads\/2018\/08\/logo-1.jpg\" \/>\n\t<meta property=\"og:image:width\" content=\"512\" \/>\n\t<meta property=\"og:image:height\" content=\"512\" \/>\n\t<meta property=\"og:image:type\" content=\"image\/jpeg\" \/>\n<meta name=\"twitter:card\" content=\"summary_large_image\" \/>\n<meta name=\"twitter:label1\" content=\"Est. tempo de leitura\" \/>\n\t<meta name=\"twitter:data1\" content=\"3 minutos\" \/>\n<script type=\"application\/ld+json\" class=\"yoast-schema-graph\">{\"@context\":\"https:\/\/schema.org\",\"@graph\":[{\"@type\":\"Organization\",\"@id\":\"https:\/\/tdibrasil.org\/#organization\",\"name\":\"TDI Brasil +\",\"url\":\"https:\/\/tdibrasil.org\/\",\"sameAs\":[\"https:\/\/www.facebook.com\/TeoriadoDesignInteligente\/\"],\"logo\":{\"@type\":\"ImageObject\",\"inLanguage\":\"pt-BR\",\"@id\":\"https:\/\/tdibrasil.org\/#\/schema\/logo\/image\/\",\"url\":\"https:\/\/tdibrasil.org\/wp-content\/uploads\/2020\/05\/whats.jpg\",\"contentUrl\":\"https:\/\/tdibrasil.org\/wp-content\/uploads\/2020\/05\/whats.jpg\",\"width\":512,\"height\":512,\"caption\":\"TDI Brasil +\"},\"image\":{\"@id\":\"https:\/\/tdibrasil.org\/#\/schema\/logo\/image\/\"}},{\"@type\":\"WebSite\",\"@id\":\"https:\/\/tdibrasil.org\/#website\",\"url\":\"https:\/\/tdibrasil.org\/\",\"name\":\"Portal TDI Brasil +\",\"description\":\"Teoria do Design Inteligente\",\"publisher\":{\"@id\":\"https:\/\/tdibrasil.org\/#organization\"},\"potentialAction\":[{\"@type\":\"SearchAction\",\"target\":{\"@type\":\"EntryPoint\",\"urlTemplate\":\"https:\/\/tdibrasil.org\/?s={search_term_string}\"},\"query-input\":\"required name=search_term_string\"}],\"inLanguage\":\"pt-BR\"},{\"@type\":\"ImageObject\",\"inLanguage\":\"pt-BR\",\"@id\":\"https:\/\/tdibrasil.org\/index.php\/principais\/#primaryimage\",\"url\":\"https:\/\/tdibrasil.org\/wp-content\/uploads\/2018\/08\/logo-1.jpg\",\"contentUrl\":\"https:\/\/tdibrasil.org\/wp-content\/uploads\/2018\/08\/logo-1.jpg\",\"width\":512,\"height\":512},{\"@type\":\"WebPage\",\"@id\":\"https:\/\/tdibrasil.org\/index.php\/principais\/#webpage\",\"url\":\"https:\/\/tdibrasil.org\/index.php\/principais\/\",\"name\":\"Principais Sites &raquo; Portal TDI Brasil +\",\"isPartOf\":{\"@id\":\"https:\/\/tdibrasil.org\/#website\"},\"primaryImageOfPage\":{\"@id\":\"https:\/\/tdibrasil.org\/index.php\/principais\/#primaryimage\"},\"datePublished\":\"2018-03-15T04:41:24+00:00\",\"dateModified\":\"2021-10-10T06:55:40+00:00\",\"breadcrumb\":{\"@id\":\"https:\/\/tdibrasil.org\/index.php\/principais\/#breadcrumb\"},\"inLanguage\":\"pt-BR\",\"potentialAction\":[{\"@type\":\"ReadAction\",\"target\":[\"https:\/\/tdibrasil.org\/index.php\/principais\/\"]}]},{\"@type\":\"BreadcrumbList\",\"@id\":\"https:\/\/tdibrasil.org\/index.php\/principais\/#breadcrumb\",\"itemListElement\":[{\"@type\":\"ListItem\",\"position\":1,\"name\":\"In\u00edcio\",\"item\":\"https:\/\/tdibrasil.org\/\"},{\"@type\":\"ListItem\",\"position\":2,\"name\":\"Principais Sites\"}]}]}<\/script>\n<!-- \/ Yoast SEO plugin. -->","yoast_head_json":{"title":"Principais Sites &raquo; Portal TDI Brasil +","robots":{"index":"index","follow":"follow","max-snippet":"max-snippet:-1","max-image-preview":"max-image-preview:large","max-video-preview":"max-video-preview:-1"},"canonical":"https:\/\/tdibrasil.org\/index.php\/principais\/","og_locale":"pt_BR","og_type":"article","og_title":"Principais Sites &raquo; Portal TDI Brasil +","og_description":"Estes s\u00e3o alguns sites relacionados ao Design Inteligente. Aqui temos desde publica\u00e7\u00f5es populares at\u00e9 os artigos revisados por pares e tamb\u00e9m algumas ferramentas para estudo.","og_url":"https:\/\/tdibrasil.org\/index.php\/principais\/","og_site_name":"Portal TDI Brasil +","article_publisher":"https:\/\/www.facebook.com\/TeoriadoDesignInteligente\/","article_modified_time":"2021-10-10T06:55:40+00:00","og_image":[{"width":512,"height":512,"url":"https:\/\/tdibrasil.org\/wp-content\/uploads\/2018\/08\/logo-1.jpg","type":"image\/jpeg"}],"twitter_card":"summary_large_image","twitter_misc":{"Est. tempo de leitura":"3 minutos"},"schema":{"@context":"https:\/\/schema.org","@graph":[{"@type":"Organization","@id":"https:\/\/tdibrasil.org\/#organization","name":"TDI Brasil +","url":"https:\/\/tdibrasil.org\/","sameAs":["https:\/\/www.facebook.com\/TeoriadoDesignInteligente\/"],"logo":{"@type":"ImageObject","inLanguage":"pt-BR","@id":"https:\/\/tdibrasil.org\/#\/schema\/logo\/image\/","url":"https:\/\/tdibrasil.org\/wp-content\/uploads\/2020\/05\/whats.jpg","contentUrl":"https:\/\/tdibrasil.org\/wp-content\/uploads\/2020\/05\/whats.jpg","width":512,"height":512,"caption":"TDI Brasil +"},"image":{"@id":"https:\/\/tdibrasil.org\/#\/schema\/logo\/image\/"}},{"@type":"WebSite","@id":"https:\/\/tdibrasil.org\/#website","url":"https:\/\/tdibrasil.org\/","name":"Portal TDI Brasil +","description":"Teoria do Design Inteligente","publisher":{"@id":"https:\/\/tdibrasil.org\/#organization"},"potentialAction":[{"@type":"SearchAction","target":{"@type":"EntryPoint","urlTemplate":"https:\/\/tdibrasil.org\/?s={search_term_string}"},"query-input":"required name=search_term_string"}],"inLanguage":"pt-BR"},{"@type":"ImageObject","inLanguage":"pt-BR","@id":"https:\/\/tdibrasil.org\/index.php\/principais\/#primaryimage","url":"https:\/\/tdibrasil.org\/wp-content\/uploads\/2018\/08\/logo-1.jpg","contentUrl":"https:\/\/tdibrasil.org\/wp-content\/uploads\/2018\/08\/logo-1.jpg","width":512,"height":512},{"@type":"WebPage","@id":"https:\/\/tdibrasil.org\/index.php\/principais\/#webpage","url":"https:\/\/tdibrasil.org\/index.php\/principais\/","name":"Principais Sites &raquo; Portal TDI Brasil +","isPartOf":{"@id":"https:\/\/tdibrasil.org\/#website"},"primaryImageOfPage":{"@id":"https:\/\/tdibrasil.org\/index.php\/principais\/#primaryimage"},"datePublished":"2018-03-15T04:41:24+00:00","dateModified":"2021-10-10T06:55:40+00:00","breadcrumb":{"@id":"https:\/\/tdibrasil.org\/index.php\/principais\/#breadcrumb"},"inLanguage":"pt-BR","potentialAction":[{"@type":"ReadAction","target":["https:\/\/tdibrasil.org\/index.php\/principais\/"]}]},{"@type":"BreadcrumbList","@id":"https:\/\/tdibrasil.org\/index.php\/principais\/#breadcrumb","itemListElement":[{"@type":"ListItem","position":1,"name":"In\u00edcio","item":"https:\/\/tdibrasil.org\/"},{"@type":"ListItem","position":2,"name":"Principais Sites"}]}]}},"_links":{"self":[{"href":"https:\/\/tdibrasil.org\/index.php\/wp-json\/wp\/v2\/pages\/3637"}],"collection":[{"href":"https:\/\/tdibrasil.org\/index.php\/wp-json\/wp\/v2\/pages"}],"about":[{"href":"https:\/\/tdibrasil.org\/index.php\/wp-json\/wp\/v2\/types\/page"}],"author":[{"embeddable":true,"href":"https:\/\/tdibrasil.org\/index.php\/wp-json\/wp\/v2\/users\/1"}],"replies":[{"embeddable":true,"href":"https:\/\/tdibrasil.org\/index.php\/wp-json\/wp\/v2\/comments?post=3637"}],"version-history":[{"count":4,"href":"https:\/\/tdibrasil.org\/index.php\/wp-json\/wp\/v2\/pages\/3637\/revisions"}],"predecessor-version":[{"id":9892,"href":"https:\/\/tdibrasil.org\/index.php\/wp-json\/wp\/v2\/pages\/3637\/revisions\/9892"}],"wp:featuredmedia":[{"embeddable":true,"href":"https:\/\/tdibrasil.org\/index.php\/wp-json\/wp\/v2\/media\/4452"}],"wp:attachment":[{"href":"https:\/\/tdibrasil.org\/index.php\/wp-json\/wp\/v2\/media?parent=3637"}],"curies":[{"name":"wp","href":"https:\/\/api.w.org\/{rel}","templated":true}]}}